s be p(-7). Suppose -648 = -s*d - 3*r, -4*d + 5*r = -584 + 36. What is the highest common factor of d and 12?
12
Let x = -298 + 357. What is the greatest common divisor of 2419 and x?
59
Let p be -16 + 482/14 - 3/7. Calculate the highest common divisor of 1152 and p.
18
Let q be 1/(0 + (-3)/(-135)). Suppose 0 = 242*p - 243*p + 60. What is the greatest common divisor of q and p?
15
Suppose 5*j + 1633 = 4*x, 0*x - 3*x = -5*j - 1636. Let g = -230 - j. Let d = -20 + 29. Calculate the highest common factor of g and d.
9
Let w(o) = 2*o**2 + 2*o - 2. Let g be w(-3). Suppose 2*x + 6*j - 261 = -51, -3*j = 5*x - 465. What is the greatest common divisor of x and g?
10
Suppose 3*q = q + 4. Suppose q*p - 144 = -0*p. Calculate the greatest common factor of 9 and p.
9
Let k = 123 - 16. Let o = -99 + k. Let g(d) = 2*d**2 + 6*d. Let h be g(-4). Calculate the highest common factor of o and h.
8
Let z(d) = 7*d + 7. Let s be z(3). Calculate the highest common divisor of s and 154.
14
Suppose 4*h - 3*h = 2. Suppose 5*b - 45 = -2*d, -3*d + h*b + 10 = -48. Calculate the greatest common divisor of 80 and d.
20
Let h be (-6)/30 + (-61)/(-5). Calculate the greatest common factor of h and 4.
4
Suppose -4*s - 54 = -3*y, -12 = -3*y - 4*s + 18. Let l = y - 17. Let n be ((-135)/2)/(l/6). What is the greatest common divisor of 15 and n?
15
Let v(j) = 2*j**3 - 6*j**2 + 7*j - 4. Let b be v(5). Let g be 0 + b/2 + 1/2. Calculate the greatest common factor of 44 and g.
22
Let w(n) = -2*n - 19. Let h be w(-7). Let i = 13 - h. Let p be -1 - (2 - 2) - -127. Calculate the greatest common factor of i and p.
18
Let f(u) = u**3 - 10*u**2 + 27*u - 25. Let o be f(8). What is the greatest common divisor of o and 7?
7
Suppose 114 = 12*p - 534. Calculate the highest common factor of p and 189.
27
Suppose 5*f = -j - j + 42, -3*j + 72 = 3*f. What is the highest common divisor of j and 1222?
26
Let s(a) = 4*a + 132. Let y be s(9). Calculate the greatest common factor of 24 and y.
24
Suppose -i = -9*s + 4*s + 269, -221 = -4*s - 5*i. What is the highest common factor of 189 and s?
27
Let a(l) = l**3 - 1 + 6*l**2 - 4*l**2 - 6*l**2 - 17*l. Let v be a(7). What is the greatest common factor of v and 36?
9
Let t = -198 + 299. Calculate the highest common factor of 707 and t.
101
Suppose -336 = 150*g - 152*g. Calculate the highest common divisor of g and 21.
21
Suppose -4*d - 196 = 24. Let a = 107 + d. Suppose y - 5*y = -a. What is the highest common factor of y and 78?
13
Let r be (-8)/2*(-4)/(-8). Let i be 6/((-15)/(-12) + r). Let v = i + 26. Calculate the highest common factor of v and 9.
9
Let o(i) = i**3 + 9*i**2 - 9*i - 6. Let j be o(-10). Let s = j - -20. Suppose -73 = -s*m - 1. Calculate the greatest common factor of m and 162.
18
Let q = -242 + 274. What is the greatest common divisor of 80 and q?
16
Let a = -2225 - -6377. What is the greatest common divisor of 12 and a?
12
Suppose 0 = 7*q + 8*q - 300. Calculate the highest common divisor of q and 25.
5
Let q be (-344)/10 - 6/(-15). Let c be q/(-4) - (-12)/(-8). Suppose -v - 3*v = -140. What is the highest common divisor of c and v?
7
Let t(c) = -c**2 + 9*c + 19. Let s be t(11). Let d be -6 - -3 - -8 - s. Calculate the highest common divisor of 16 and d.
8
Suppose -3*a - 5*z + 22 = 0, -4*z = -2*z - 4. Suppose 0 = 3*w - a*u - 145, -10*u = -7*u - 6. What is the greatest common factor of w and 17?
17
Suppose -o = i - 50, -4*o + 311 = -i + 111. Let t be 100/(4/(-90) - 340/(-765)). What is the highest common factor of o and t?
50
Suppose -4*j - 212 = -4*k, -4*j = -3*k + 2*k + 68. What is the highest common divisor of 114 and k?
6
Suppose 3*a - 3 = -8*l + 3*l, -a = 2*l. Let g be (-2 + -4)/(a/4). Let f be (-5)/((-10)/g) + 58. Calculate the greatest common factor of 14 and f.
14
Let c be (-21)/(-6) - ((-18)/12 + 4). What is the greatest common divisor of 4 and c?
1
Let w = -73 + 102. Suppose n - 1 = w. What is the highest common divisor of 15 and n?
15
Let d be (1 - 0)*(-8)/2. Let i be d/(-18) + 50/18. Let z = 1397 + -1391. What is the highest common factor of z and i?
3
Let v(w) = -w**2 + 7*w + 13. Let d be v(6). Suppose -207 = -5*r + 838. Calculate the greatest common factor of r and d.
19
Let k(i) = -i**3 - 4*i**2 - 7*i - 34. Let n be k(-6). What is the greatest common divisor of n and 40?
40
Let y be ((-140)/90)/((-1)/9). Calculate the highest common divisor of 203 and y.
7
Let g = 14 + -4. Let f = -212 + 208. Let z be 147/5 + f/g. Calculate the highest common factor of z and 261.
29
Let p(n) = 2*n + 14. Let a be p(-6). Suppose -2*m = a*h - 20, -2*m - 4 = -h - 0. Let x be (54/15)/(h/20). What is the greatest common divisor of 72 and x?
9
Let l(u) = -6*u + 42. Let p be l(-3). Calculate the greatest common divisor of p and 105.
15
Let c(k) = k**2 + 4*k - 30. Suppose 33*w + 84 = 40*w. Let f be c(w). Calculate the greatest common factor of 9 and f.
9
Suppose m = -2*m. Let k = 5 + m. Let y be 1/5 - 2189/(-55). Calculate the greatest common divisor of y and k.
5
Suppose 0 = -0*d + 4*d + 3*u - 47, 5*d = -5*u + 65. What is the greatest common divisor of 24 and d?
8
Let p(m) = 6*m**2 + m - 40. Let l be p(16). What is the greatest common divisor of l and 72?
72
Suppose 3*k - 3*y - 57 - 42 = 0, -138 = -4*k - 2*y. Let b = 503 - 452. What is the greatest common divisor of b and k?
17
Let g = -140 - -405. Calculate the highest common factor of g and 424.
53
Suppose 14 = 4*b + 2*s, 9*b - 17 = 5*b + s. What is the highest common factor of b and 244?
4
Suppose 5*j = -25 - 65. Let t(p) = p + 28. Let a be t(j). Calculate the greatest common factor of 4 and a.
2
Let w(r) = 9*r**2 + 2*r. Let n be w(-2). Suppose -3758 - 594 = -17*j. What is the highest common divisor of j and n?
32
Suppose -3*i + 2*h = 5, 0 = 2*i + 2*i + 3*h - 16. Suppose 4*n - 5*a - 10 = -1, -2*n = 4*a + 2. What is the greatest common factor of n and i?
1
Let j = 75 + -65. Suppose 4*k + 4*p - 24 = 0, -j = 2*k + p - 20. Calculate the highest common factor of 1 and k.
1
Let c = 74 + -49. Let k = c - 7. Calculate the greatest common factor of 12 and k.
6
Let s = -355 + 509. Let z be (-4 - -26) + 0 + 0. What is the greatest common divisor of s and z?
22
Let d(y) = 2*y - 21. Let g be d(9). Let m = g + -36. Let s = 61 + m. Calculate the greatest common factor of 33 and s.
11
Let n = 4 - -42. Suppose 0 = -4*h + 114 - n. Calculate the highest common divisor of h and 51.
17
Let l = -67 - 53. Let z = 168 + l. Calculate the highest common factor of z and 32.
16
Let q be (-212)/(-318) - 10/(-3). Let o be (-64)/(-10) + (-6)/15. What is the highest common divisor of q and o?
2
Suppose 20 = -h + 22. What is the highest common divisor of h and 8?
2
Let l(y) = 59*y + 1063. Let o be l(-18). Suppose -5*n + 40 = -2*g, 2*n - 2*g = 2*g + 16. Calculate the highest common factor of o and n.
1
Let n be (-3 + 0/4)*-21. Suppose 5*x - 12 = n. Let i be 12/x + 92/10. What is the greatest common divisor of 90 and i?
10
Suppose 5*p = 3*r - 8*r + 20, -3*p = -2*r - 2. Suppose 0 = -0*z - z - 4. Let t be (p - (-1)/z)*12. What is the greatest common factor of 14 and t?
7
Let x = 8 + -4. Let g be 40/22 - x/(-22). Let u(j) = -j + 6. Let i be u(4). Calculate the greatest common factor of g and i.
2
Suppose 261 = -3*x + 6*x. Calculate the greatest common factor of 116 and x.
29
Let x be (3/2*-2)/(30/(-20)). Suppose x*o - 3*o = -104. Let w(m) = -4*m**3 - 2*m**2 + 2. Let a be w(-2). What is the greatest common factor of a and o?
26
Let y(o) = 3*o - 28. Let f be y(10). What is the highest common factor of 4 and f?
2
Let s = 19 + -14. Let a(i) be the third derivative of i**5/20 - i**4/24 - 13*i**2. Let h be a(s). Calculate the greatest common divisor of h and 14.
14
Let g be 3*(-8)/(-6) - 2. Suppose 5*d + 3*v - 132 + 133 = 0, -d + 32 = -4*v. Calculate the highest common divisor of g and d.
2
Let t(a) = -3 + 934*a + 2*a**2 + 16*a**3 + a**2 - 932*a. Let z be t(1). What is the highest common factor of z and 6?
6
Suppose 2*g - 124 = -5*i - g, i + 5*g = 16. What is the highest common factor of i and 676?
26
Let h be ((-9)/(-4))/((-6)/(-80)). Let d = -30 + h. Suppose 34*z - 29*z - 115 = d. What is the greatest common factor of 69 and z?
23
Let v = -261 + 333. Calculate the greatest common factor of v and 288.
72
Let h = 114 - 81. Let o = 2 + -7. 